digit of 23937589?
2
What is the hundreds digit of 104591037?
0
What is the thousands digit of 92961121?
1
What is the hundreds digit of 1256425938?
9
What is the thousands digit of 903707?
3
What is the millions digit of 4318482?
4
What is the tens digit of 2602367901?
0
What is the tens digit of 234839252?
5
What is the thousands digit of 347084938?
4
What is the hundred millions digit of 392633521?
3
What is the thousands digit of 4702269?
2
What is the ten thousands digit of 1431071?
3
What is the ten thousands digit of 85803349?
0
What is the units digit of 1200114597?
7
What is the ten thousands digit of 2334885819?
8
What is the tens digit of 101659722?
2
What is the thousands digit of 812612513?
2
What is the hundred millions digit of 3439605010?
4
What is the hundred millions digit of 245572765?
2
What is the billions digit of 2489477154?
2
What is the tens digit of 457337928?
2
What is the tens digit of 19452879?
7
What is the thousands digit of 1265325663?
5
What is the hundred thousands digit of 774379716?
3
What is the tens digit of 40160362?
6
What is the hundred thousands digit of 478800030?
8
What is the tens digit of 15965671?
7
What is the units digit of 67033334?
4
What is the units digit of 303028977?
7
What is the hundred thousands digit of 3383423648?
4
What is the ten millions digit of 997931029?
9
What is the hundreds digit of 706192487?
4
What is the units digit of 118374531?
1
What is the tens digit of 33822467?
6
What is the ten millions digit of 241708646?
4
What is the ten thousands digit of 158386494?
8
What is the ten thousands digit of 144610699?
1
What is the hundred millions digit of 1291470666?
2
What is the ten thousands digit of 37034219?
3
What is the units digit of 216249699?
9
What is the hundreds digit of 7722750447?
4
What is the tens digit of 9218487347?
4
What is the ten millions digit of 3940746420?
4
What is the hundreds digit of 564511428?
4
What is the billions digit of 1150162733?
1
What is the tens digit of 531584182?
8
What is the billions digit of 3974111960?
3
What is the hundred millions digit of 467906943?
4
What is the ten thousands digit of 425499694?
9
What is the ten millions digit of 1293880384?
9
What is the ten millions digit of 2562456943?
6
What is the hundred thousands digit of 54019301?
0
What is the thousands digit of 275514764?
4
What is the ten millions digit of 1712926654?
1
What is the tens digit of 394339176?
7
What is the ten thousands digit of 1039873680?
7
What is the thousands digit of 349679250?
9
What is the ten millions digit of 40694385?
4
What is the hundred thousands digit of 1178446777?
4
What is the millions digit of 1319400532?
9
What is the hundred thousands digit of 1207678273?
6
What is the tens digit of 2195259183?
8
What is the hundred thousands digit of 11086921?
0
What is the units digit of 3145126581?
1
What is the thousands digit of 372150833?
0
What is the ten thousands digit of 4831993248?
9
What is the ten thousands digit of 617619080?
1
What is the hundred millions digit of 230628015?
2
What is the millions digit of 773818469?
3
What is the ten thousands digit of 97334298?
3
What is the ten thousands digit of 200541713?
4
What is the ten thousands digit of 91154956?
5
What is the hundred millions digit of 535034161?
5
What is the ten thousands digit of 80663712?
6
What is the ten millions digit of 5493504425?
9
What is the hundred thousands digit of 98488999?
4
What is the hundreds digit of 5024747712?
7
What is the hundred millions digit of 300088657?
3
What is the millions digit of 87364986?
7
What is the tens digit of 15438731?
3
What is the millions digit of 120284610?
0
What is the ten millions digit of 434282033?
3
What is the ten thousands digit of 70929328?
2
What is the hundreds digit of 226424654?
6
What is the hundred millions digit of 142892683?
1
What is the hundreds digit of 176902334?
3
What is the thousands digit of 116332610?
2
What is the hundred millions digit of 571937264?
5
What is the thousands digit of 978583094?
3
What is the thousands digit of 393876089?
6
What is the units digit of 603125648?
8
What is the ten thousands digit of 1145451866?
5
What is the hundreds digit of 23431836?
8
What is the ten millions digit of 5220543664?
2
What is the hundred thousands digit of 67265337?
2
What is the tens digit of 636132093?
9
What is the millions digit of 29169163?
9
What is the ten thousands digit of 2068701025?
0
What is the hundred millions digit of 1861497105?
8
What is the millions digit of 2160439073?
0
What is the units digit of 48455817?
7
What is the millions digit of 638914279?
8
What is the hundred thousands digit of 1801509186?
5
What is the ten thousands digit of 75784728?
8
What is the billions digit of 1218051921?
1
What is the hundreds digit of 10360808?
8
What is the millions digit of 253883899?
3
What is the millions digit of 11894345?
1
What is the billions digit of 1020680255?
1
What is the thousands digit of 169363518?
3
What is the hundreds digit of 33658705?
7
What is the hundreds digit of 8442097?
0
What is the tens digit of 1950545054?
5
What is the tens digit of 276626479?
7
What is the thousands digit of 137924360?
4
What is the thousands digit of 6386452309?
2
What is the ten thousands digit of 266748923?
4
What is the units digit of 1668450914?
4
What is the units digit of 386879783?
3
What is the ten millions digit of 1743705301?
4
What is the ten millions digit of 372516072?
7
What is the thousands digit of 607740282?
0
What is the ten thousands digit of 598799623?
9
What is the thousands digit of 248308318?
8
What is the units digit of 42153379?
9
What is the billions digit of 1967168031?
1
What is the hundred thousands digit of 488041111?
0
What is the units digit of 96942444?
4
What is the tens digit of 571693213?
1
What is the ten thousands digit of 911849425?
4
What is the ten millions digit of 1150174296?
5
What is the thousands digit of 42108520?
8
What is the ten millions digit of 44755052?
4
What is the hundreds digit of 1044238163?
1
What is the thousands digit of 15571224?
1
What is the ten thousands digit of 22720903?
2
What is the millions digit of 17226737?
7
What is the units digit of 72191539?
9
What is the millions digit of 2194132510?
4
What is the hundreds digit of 1806969578?
5
What is the tens digit of 39407582?
8
What is the units digit of 199061989?
9
What is the ten millions digit of 2213060506?
1
What is the units digit of 108684177?
7
What is the tens digit of 40195672?
7
What is the hundred millions digit of 629829816?
6
What is the hundred thousands digit of 634866835?
8
What is the units digit of 1247627384?
4
What is the hundred millions digit of 188687611?
1
What is the hundred thousands digit of 24734823?
7
What is the hundred thousands digit of 3288022687?
0
What is the hundreds digit of 617002592?
5
What is the hundred thousands digit of 5998912352?
9
What is the ten thousands digit of 311305696?
0
What is the hundreds digit of 4493657643?
6
What is the tens digit of 22252507?
0
What is the millions digit of 537687470?
7
What is the tens digit of 18574904?
0
What is the tens digit of 2305766?
6
What is the ten thousands digit of 2693483369?
8
What is the hundred thousands digit of 75242924?
2
What is the units digit of 4414804589?
9
What is the tens digit of 90633664?
6
What is the hundred millions digit of 171930309?
1
What is the ten millions digit of 106437025?
0
What is the tens digit of 80132931?
3
What is the ten thousands digit of 9861524?
6
What is the units digit of 481360079?
9
What is the ten millions digit of 2337059309?
3
What is the hundreds digit of 144689904?
9
What is the billions digit of 1035033897?
1
What is the millions digit of 221941309?
1
What is the ten thousands digit of 7173474317?
7
What is the hundreds digit of 71766618?
6
What is the thousands digit of 163170866?
0
What is the hundreds digit of 685939975?
9
What is the ten millions digit of 301912588?
0
What is the tens digit of 3264590349?
4
What is the tens digit of 278948431?
3
What is the billions digit of 2292790193?
2
What is the thousands digit of 11094351?
4
What is the units digit of 5270671?
1
What is the ten millions digit of 2142025197?
4
What is the hundreds digit of 